et k be -2*(3/4)/(6/(-108)). Suppose 2*u + 0*u - 36 = 0. Calculate the greatest common divisor of u and k.
9
Suppose -4*f = -6*f + 10. Calculate the greatest common factor of f and 2.
1
Let u(w) = 2*w + 2. Let f be u(5). What is the highest common divisor of f and 24?
12
Let k be 60*-2*(-6)/15. Let z = 12 + k. Suppose -24 = -x - 0*x + 4*w, -48 = -2*x - w. What is the highest common factor of x and z?
12
Let b(z) = -z**3 - z**2 - z - 1. Let j = -5 + 3. Let d be b(j). Suppose -n + 0 + d = 0. What is the greatest common factor of n and 5?
5
Suppose j + 4*k = -4, -2*k - 12 - 8 = 2*j. Let c be 92/j - (-1)/(-3). Let i = c + 9. What is the greatest common factor of 9 and i?
1
Let d be (-264)/(-18)*(-6)/4. Let m = 5 - d. Let b be m/6*(-8)/(-6). Calculate the highest common factor of b and 36.
6
Suppose -4*o = w + 431, 2*o = -2*w + 108 - 322. Suppose x - 1296 = 5*j - 240, -3*j - 644 = 2*x. Let n = o - j. Calculate the greatest common factor of n and 13.
13
Let a be (-4)/(-20) - 382/10. Let t = a - -74. Calculate the highest common divisor of 9 and t.
9
Suppose -27*i + 2684 + 421 = 0. Suppose -2*x - 3*p + 48 = -p, 4*p = -2*x + 50. What is the highest common divisor of x and i?
23
Let z be (-4)/10 - (-244)/10. Let p = 62 - 50. Calculate the highest common divisor of p and z.
12
Let y = -15 + 10. Let f be ((-42)/(-35))/((-2)/y). Let a(t) = -5*t. Let j be a(-3). Calculate the highest common divisor of f and j.
3
Let x = -16 + 22. Suppose -9*a + 51 = -x*a. Calculate the greatest common divisor of a and 187.
17
Let h be ((-65)/(-2))/((-3)/(-6)). Suppose 35 = b + 3*o, 3*b = o + 99 - 24. Calculate the highest common divisor of h and b.
13
Let w be 94 - (5 + (1 - 3)). Suppose -b + 13 = -0*b. Calculate the highest common divisor of w and b.
13
Let l(i) = 4*i - 5. Let q be l(5). Suppose 5*g + 26 = -2*b + b, 2*b - 3*g = 0. Let k be (-633)/b + (-3)/6. Calculate the greatest common factor of k and q.
15
Suppose 0 = -5*m + 2*v + 33, -5*m + 40 = 2*v + 3*v. What is the greatest common factor of 14 and m?
7
Let w = -33 + 77. Suppose 20 + w = 4*j. Calculate the highest common divisor of 2 and j.
2
Let o = 18 + -14. Calculate the highest common divisor of o and 10.
2
Suppose 4*s = -p + 29, -5*p = -s - 73 - 30. Calculate the greatest common divisor of 3 and p.
3
Suppose -4*y + 62 = n + 11, -45 = -5*y + 5*n. Let o be -12*3/y*-2. Let r(p) = 6*p - 3. Let f be r(3). Calculate the highest common factor of o and f.
3
Let r be (2 + 2 + 0)/2. Suppose -4*f = f - 2*t + 13, r*t = -4*f + 4. Let s be (-9 + f)/(1/(-2)). Calculate the greatest common divisor of s and 50.
10
Suppose 2*w - 3*h = 74, 2*w - h = -4*h + 86. Let r be (-20)/(-6)*1104/w. What is the highest common divisor of r and 23?
23
Let q = 44 - 42. Calculate the highest common divisor of q and 6.
2
Suppose z - 2 = 0, -6 + 22 = 4*h + 4*z. Suppose 0 = -w - 0*w, h*w = -c + 25. Calculate the highest common factor of 10 and c.
5
Let a be -1 + (-3)/6*-16. Suppose 2*m = a*m - 25. What is the highest common divisor of m and 20?
5
Let g(k) = 89*k - 1. Let s be g(3). What is the greatest common divisor of 38 and s?
38
Let o = -200 + 496. Calculate the highest common divisor of o and 37.
37
Let f = -8 - -12. Suppose -3*z + f*z - 22 = -3*y, 2*z - 2*y = 4. What is the greatest common factor of z and 7?
7
Let y = 25 - 3. Calculate the greatest common factor of 11 and y.
11
Suppose 4*h = 5*r + 33, h + 3*r - 2*r + 3 = 0. Suppose 0 = -2*c - k - k, 1 = h*c + k. Let z = c + 11. What is the highest common divisor of 30 and z?
6
Suppose 7*g = -41 + 132. Suppose -b = b - 4*a - 200, -3*b - 5*a = -322. Calculate the greatest common divisor of b and g.
13
Let w be 16/10 + (-12)/(-30). Let f(v) = 4*v**2 - 2*v. Let j be f(w). Let u be (-40)/(-7) + 2/7. What is the highest common factor of j and u?
6
Let t(a) = 28*a. Let j be t(3). Let c(g) = 10*g. Let h be c(1). Let s = h - -2. What is the greatest common factor of s and j?
12
Let y = -34 - -60. What is the highest common factor of y and 2?
2
Suppose -2*g = -37 - 39. Suppose d = -0*d + 95. What is the greatest common factor of d and g?
19
Suppose 5*n - 24 = -m, 5 = -5*m - 0. Suppose -w + n*w = 440. Suppose 0 = -z - 3*k + 22, -z + 4*z = 5*k + 10. What is the highest common factor of z and w?
10
Suppose 7*w + 134 = 316. Calculate the highest common divisor of 286 and w.
26
Suppose f + 0*f - 421 = -4*k, 0 = 3*f - 15. What is the greatest common factor of 13 and k?
13
Let o = 2 + -3. Let a be 68 - (0 + (o - 1)). What is the greatest common divisor of a and 28?
14
Let b(j) = 3*j**3 - 2*j**2 + 3*j - 2. Let u be b(2). What is the highest common divisor of 4 and u?
4
Let h(t) = -2*t + 32. Let i be h(-20). What is the highest common divisor of i and 180?
36
Let d = 2 + -11. Let l = d - -13. What is the highest common divisor of 10 and l?
2
Suppose -5*v - 5*w + 170 = 0, 0 = v + 3*v - 3*w - 122. Let i(n) = 3*n + 4. Let t be i(4). Calculate the highest common divisor of t and v.
16
Suppose 5*z - 6 + 16 = 0. Let o be (-2 - 0) + z + 55. Calculate the highest common divisor of o and 17.
17
Let y be 2 - (1 + 2 + -5). Let b(r) = -2*r - 2 - 3 - r + 6*r. Let u be b(3). What is the greatest common factor of u and y?
4
Suppose 19 + 9 = 4*f. Suppose 2*x - l = 69, 3*x - 3*l = -x + 137. Calculate the greatest common factor of x and f.
7
Let j(y) = -2*y + 1. Let b be j(-6). Let m be 37 - (0 + (-2)/1). What is the highest common factor of m and b?
13
Let j(t) = -7*t. Let z be j(-2). Suppose z = -4*s + 6*s. Suppose -5*w + 5*h + 125 = -0*w, -127 = -4*w - 5*h. Calculate the highest common divisor of w and s.
7
Let p(w) = -w**3 - 5*w**2 - 2*w + 7. Let o be p(-5). Let l = o - 2. What is the greatest common divisor of 120 and l?
15
Let w be 1015/28 - 2/8. Let o = 172 + w. What is the greatest common divisor of o and 26?
26
Suppose 0*k + k - 42 = 0. Let v(c) = c**3 + 6*c**2 + 4*c - 3. Let m be v(-5). Suppose 0 = m*t + t - 42. Calculate the highest common factor of k and t.
14
Suppose 9*t + 36 = 13*t. What is the highest common divisor of 81 and t?
9
Suppose 0*n - 45 = -5*n. Suppose 4*r - n = r. Suppose -12 - 15 = -a + r*h, 5*a - 75 = -5*h. What is the greatest common factor of a and 6?
6
Let f be 20/(-90) + (-299)/(-9). Calculate the highest common divisor of f and 363.
33
Let z(o) = 3*o + 3. Suppose -7 = 5*c - 52. Let x be z(c). What is the highest common factor of x and 6?
6
Let g(n) = 2*n**3 - n**2 + n - 1. Let p be g(1). Calculate the highest common factor of p and 9.
1
Let a(s) = 9*s**2 + 3. Let l(j) = -4*j**2 - 1. Let n(w) = -2*a(w) - 5*l(w). Let x be n(-1). What is the greatest common divisor of x and 1?
1
Suppose -2*d = d - 189. Let v be 1/((-6)/d)*-10. Let y = 18 - -3. Calculate the greatest common divisor of v and y.
21
Let f(h) = -h + 4. Let j be f(4). Suppose j = -g + 2 + 4. Let c(s) = -s**3 + 4*s**2 - 2*s + 2. Let x be c(2). Calculate the greatest common factor of x and g.
6
Let u = -55 + 132. Suppose -4*g = g - 135. Let a = g + -16. Calculate the greatest common factor of a and u.
11
Suppose 0 = s - 68 + 24. Calculate the greatest common divisor of s and 11.
11
Suppose 3*s + s = 0, -3*v = 3*s + 9. Let r(q) = 3*q**2 + 3*q - 3. Let n be r(v). What is the greatest common divisor of 6 and n?
3
Suppose -2*l + 1144 = -6*l. Let g be l/(-4)*10/5. What is the greatest common factor of g and 13?
13
Let p be 39 + (1 + -2)/(-1). What is the greatest common factor of p and 20?
20
Let r be 1/6*2*15. Let f(h) = -h**3 + 6*h**2 - 2*h + 2. Let s be f(r). Calculate the greatest common factor of s and 85.
17
Let a be (-294)/(3/(-2 - -5)). Let h = a - -427. What is the greatest common factor of 19 and h?
19
Suppose 0 = 5*l - 18*l + 429. What is the greatest common factor of 11 and l?
11
Let q(l) = -4*l + 2. Let i be q(2). Let c be (-2)/(-4) + (-3)/i. Let f be 20/(-6)*(-6)/5. What is the highest common divisor of f and c?
1
Let b(h) = 2*h - 1. Let m be b(2). Suppose -m*x - 2*i - 2*i = -222, 362 = 5*x + 4*i. Suppose 0 = a - 2*a + 14. What is the greatest common factor of x and a?
14
Let z = -242 + 109. Let w = -93 - z. Let a = 8 + 2. Calculate the greatest common divisor of w and a.
10
Suppose 0 = -2*p + p + 15. Let x be (18 - p) + (-4)/2. What is the highest common divisor of x and 11?
1
Let k be (-4)/(-5)*10/1. What is the highest com